ed by 2?
0
What is the remainder when 18802188 is divided by 110?
108
Calculate the remainder when 4314955 is divided by 80.
75
What is the remainder when 71218394 is divided by 352?
346
Calculate the remainder when 6044392 is divided by 1985.
67
Calculate the remainder when 74251483 is divided by 12375245.
13
Calculate the remainder when 3736835 is divided by 15.
5
Calculate the remainder when 3497280 is divided by 26.
20
Calculate the remainder when 10701490 is divided by 49.
37
What is the remainder when 15044716 is divided by 37706?
22
Calculate the remainder when 11574190 is divided by 189.
19
Calculate the remainder when 1070690 is divided by 119.
47
What is the remainder when 3306527 is divided by 9640?
7
What is the remainder when 239493 is divided by 119010?
1473
What is the remainder when 38782827 is divided by 78?
57
Calculate the remainder when 17462420 is divided by 248.
244
What is the remainder when 495014 is divided by 122968?
3142
Calculate the remainder when 7939890 is divided by 122152.
10
What is the remainder when 14952038 is divided by 775?
738
Calculate the remainder when 5673900 is divided by 15050.
50
What is the remainder when 50806324 is divided by 16935424?
52
What is the remainder when 115289 is divided by 1761?
824
Calculate the remainder when 31076638 is divided by 12.
10
What is the remainder when 3096073 is divided by 341?
134
Calculate the remainder when 33939368 is divided by 10636.
10528
What is the remainder when 1187186 is divided by 1377?
212
Calculate the remainder when 283117 is divided by 28282.
297
Calculate the remainder when 324928 is divided by 839.
235
Calculate the remainder when 2184400 is divided by 52008.
64
Calculate the remainder when 66458 is divided by 16382.
930
Calculate the remainder when 12137387 is divided by 3129.
3125
Calculate the remainder when 104858 is divided by 1366.
1042
What is the remainder when 5212223 is divided by 2550?
23
What is the remainder when 20575567 is divided by 886?
875
What is the remainder when 21228 is divided by 827?
553
What is the remainder when 782927837 is divided by 1089?
1088
Calculate the remainder when 21728973 is divided by 18430.
3
What is the remainder when 128861265 is divided by 2204?
2201
Calculate the remainder when 32766886 is divided by 29361.
10
What is the remainder when 134694 is divided by 2492?
126
Calculate the remainder when 1100706 is divided by 1533.
12
What is the remainder when 293866 is divided by 100?
66
Calculate the remainder when 113551 is divided by 1529.
405
What is the remainder when 2247480 is divided by 6873?
9
What is the remainder when 519676 is divided by 427?
17
Calculate the remainder when 39417 is divided by 39283.
134
Calculate the remainder when 1296739 is divided by 49.
3
What is the remainder when 127940 is divided by 2557?
90
Calculate the remainder when 11701612 is divided by 777.
769
What is the remainder when 3796539 is divided by 758?
475
What is the remainder when 57593 is divided by 4757?
509
Calculate the remainder when 24286710 is divided by 12143349.
12
Calculate the remainder when 253840 is divided by 173.
49
What is the remainder when 50814 is divided by 45323?
5491
Calculate the remainder when 1539819 is divided by 11.
6
What is the remainder when 262538 is divided by 14571?
260
Calculate the remainder when 662990 is divided by 8.
6
Calculate the remainder when 5673693 is divided by 871.
870
Calculate the remainder when 16101 is divided by 1238.
7
What is the remainder when 3000250 is divided by 1900?
150
Calculate the remainder when 2047680 is divided by 682188.
1116
Calculate the remainder when 51348 is divided by 1871.
831
What is the remainder when 180234 is divided by 150?
84
Calculate the remainder when 1187373 is divided by 593676.
21
What is the remainder when 60997 is divided by 30491?
15
What is the remainder when 72086154 is divided by 4852?
4842
What is the remainder when 2007608 is divided by 158?
60
What is the remainder when 76988622 is divided by 417?
414
Calculate the remainder when 8686295 is divided by 669.
668
What is the remainder when 22388 is divided by 2901?
2081
What is the remainder when 568098 is divided by 6599?
584
Calculate the remainder when 12218 is divided by 168.
122
What is the remainder when 4306692 is divided by 17723?
3
Calculate the remainder when 862022 is divided by 431008.
6
What is the remainder when 47052690 is divided by 979?
971
Calculate the remainder when 104287 is divided by 1470.
1387
Calculate the remainder when 21029776 is divided by 6050.
6026
What is the remainder when 1223529 is divided by 82?
7
Calculate the remainder when 2524645 is divided by 504583.
1730
Calculate the remainder when 82498 is divided by 1616.
82
What is the remainder when 23774 is divided by 11717?
340
What is the remainder when 33973141 is divided by 33973126?
15
What is the remainder when 246549 is divided by 122972?
605
What is the remainder when 1831306 is divided by 880?
26
What is the remainder when 135843 is divided by 6765?
543
What is the remainder when 363519285 is divided by 1657?
1654
Calculate the remainder when 368186 is divided by 12691.
147
Calculate the remainder when 629149 is divided by 603.
220
What is the remainder when 31695895 is divided by 496?
7
Calculate the remainder when 4789369 is divided by 194.
91
Calculate the remainder when 175756 is divided by 1059.
1021
Calculate the remainder when 278065931 is divided by 7.
3
Calculate the remainder when 34201882 is divided by 51.
7
Calculate the remainder when 596165 is divided by 2923.
2796
What is the remainder when 384076 is divided by 354?
340
What is the remainder when 55713 is divided by 6833?
1049
What is the remainder when 67300 is divided by 423?
43
Calculate the remainder when 101466 is divided by 20265.
141
What is the remainder when 53104444 is divided by 26552222?
0
Calculate the remainder when 533163 is divided by 3533.
3213
Calculate the remainder when 92359742 is divided by 1750.
1742
Calculate the remainder when 2615642022 is divided by 15.
12
What is the remainder when 25067011 is divided by 65?
21
What is the remainder when 743177 is divided by 1193?
1131
Calculate the remainder when 3101 is divided by 2747.
354
Calculate the remainder when 10562266 is divided by 60.
46
What is the remainder when 6115727 is divided by 1019265?
137
Calculate the remainder when 15084012 is divided by 42.
6
What is the remainder when 889685 is divided by 3870?
3455
Calculate the remainder when 1248071 is divided by 25.
21
Calculate the remainder when 31090 is divided by 388.
50
What is the remainder when 1610133 is divided by 669?
519
Calculate the remainder when 1306386 is divided by 118759.
37
Calculate the remainder when 1341033657 is divided by 174.
171
What is the remainder when 6075386 is divided by 675042?
8
What is the remainder when 3875398106 is divided by 53?
52
What is the remainder when 139873 is divided by 2003?
1666
What is the remainder when 166545 is divided by 1365?
15
What is the remainder when 963490 is divided by 3629?
1805
Calculate the remainder when 29106719 is divided by 8352.
8351
What is the remainder when 1695321 is divided by 1495?
1486
Calculate the remainder when 2517212 is divided by 8.
4
Calculate the remainder when 11865328 is divided by 31896.
16
What is the remainder when 18276185 is divided by 761?
9
Calculate the remainder when 566760 is divided by 62973.
3
What is the remainder when 590896 is divided by 517?
482
Calculate the remainder when 710278279 is divided by 10869.
10867
Calculate the remainder when 9334842 is divided by 907.
905
What is the remainder when 194099374 is divided by 2424?
2422
What is the remainder when 724518 is divided by 21955?
3
What is the remainder when 244941984 is divided by 43?
9
Calculate the remainder when 6901908 is divided by 23475.
258
Calculate the remainder when 37697715 is divided by 1154.
1151
Calculate the remainder when 61195176 is divided by 613.
612
Calculate the remainder when 50541082 is divided by 3132.
3130
Calculate the remainder when 183526 is divided by 2699.
2693
What is the remainder when 48779348 is divided by 48?
20
Calculate the remainder when 1257076 is divided by 78555.
196
What is the remainder when 70060